{"id":3390,"date":"2019-04-05T13:49:28","date_gmt":"2019-04-05T13:49:28","guid":{"rendered":"http:\/\/danielamirandaz.com\/?page_id=3390"},"modified":"2025-09-25T00:20:41","modified_gmt":"2025-09-25T03:20:41","slug":"contato","status":"publish","type":"page","link":"https:\/\/dmscarreiras.com.br\/profissionais\/contato\/","title":{"rendered":"Contato"},"content":{"rendered":"\t\t<div data-elementor-type=\"wp-page\" data-elementor-id=\"3390\" class=\"elementor elementor-3390\" data-elementor-post-type=\"page\">\n\t\t\t\t<div class=\"elementor-element elementor-element-623e2066 e-flex e-con-boxed e-con e-parent\" data-id=\"623e2066\" data-element_type=\"container\" data-e-type=\"container\" data-settings=\"{&quot;background_background&quot;:&quot;classic&quot;}\">\n\t\t\t\t\t<div class=\"e-con-inner\">\n\t\t<div class=\"elementor-element elementor-element-3cc8ba77 e-con-full e-flex e-con e-child\" data-id=\"3cc8ba77\" data-element_type=\"container\" data-e-type=\"container\" data-settings=\"{&quot;background_background&quot;:&quot;classic&quot;}\">\n\t\t<div class=\"elementor-element elementor-element-28738209 e-con-full e-flex e-con e-child\" data-id=\"28738209\" data-element_type=\"container\" data-e-type=\"container\" data-settings=\"{&quot;background_background&quot;:&quot;classic&quot;}\">\n\t\t\t\t<\/div>\n\t\t<div class=\"elementor-element elementor-element-15074c6b e-con-full e-flex e-con e-child\" data-id=\"15074c6b\" data-element_type=\"container\" data-e-type=\"container\">\n\t\t\t\t<div class=\"elementor-element elementor-element-5c3770d8 elementor-widget elementor-widget-heading\" data-id=\"5c3770d8\" data-element_type=\"widget\" data-e-type=\"widget\" data-widget_type=\"heading.default\">\n\t\t\t\t\t<h6 class=\"elementor-heading-title elementor-size-default\">contato<\/h6>\t\t\t\t<\/div>\n\t\t\t\t<div class=\"elementor-element elementor-element-8e3030a elementor-widget elementor-widget-elementskit-heading\" data-id=\"8e3030a\" data-element_type=\"widget\" data-e-type=\"widget\" data-widget_type=\"elementskit-heading.default\">\n\t\t\t\t\t<div class=\"ekit-wid-con\" ><div class=\"ekit-heading elementskit-section-title-wraper text_left   ekit_heading_tablet-text_center   ekit_heading_mobile-\"><h2 class=\"ekit-heading--title elementskit-section-title \">Vamos Conversar?<\/h2><\/div><\/div>\t\t\t\t<\/div>\n\t\t\t\t<div class=\"elementor-element elementor-element-75cb57a elementor-widget elementor-widget-text-editor\" data-id=\"75cb57a\" data-element_type=\"widget\" data-e-type=\"widget\" data-widget_type=\"text-editor.default\">\n\t\t\t\t\t\t\t\t\t<p>Tem alguma d\u00favida, quer saber mais sobre meus servi\u00e7os ou deseja agendar uma conversa? Preencha o formul\u00e1rio abaixo ou entre em contato \u2014 ser\u00e1 um prazer falar com voc\u00ea.<\/p>\t\t\t\t\t\t\t\t<\/div>\n\t\t\t\t<div class=\"elementor-element elementor-element-c087250 elementor-icon-list--layout-traditional elementor-list-item-link-full_width elementor-widget elementor-widget-icon-list\" data-id=\"c087250\" data-element_type=\"widget\" data-e-type=\"widget\" data-widget_type=\"icon-list.default\">\n\t\t\t\t\t\t\t<ul class=\"elementor-icon-list-items\">\n\t\t\t\t\t\t\t<li class=\"elementor-icon-list-item\">\n\t\t\t\t\t\t\t\t\t\t\t<span class=\"elementor-icon-list-icon\">\n\t\t\t\t\t\t\t<svg aria-hidden=\"true\" class=\"e-font-icon-svg e-fas-envelope\" viewBox=\"0 0 512 512\" xmlns=\"http:\/\/www.w3.org\/2000\/svg\"><path d=\"M502.3 190.8c3.9-3.1 9.7-.2 9.7 4.7V400c0 26.5-21.5 48-48 48H48c-26.5 0-48-21.5-48-48V195.6c0-5 5.7-7.8 9.7-4.7 22.4 17.4 52.1 39.5 154.1 113.6 21.1 15.4 56.7 47.8 92.2 47.6 35.7.3 72-32.8 92.3-47.6 102-74.1 131.6-96.3 154-113.7zM256 320c23.2.4 56.6-29.2 73.4-41.4 132.7-96.3 142.8-104.7 173.4-128.7 5.8-4.5 9.2-11.5 9.2-18.9v-19c0-26.5-21.5-48-48-48H48C21.5 64 0 85.5 0 112v19c0 7.4 3.4 14.3 9.2 18.9 30.6 23.9 40.7 32.4 173.4 128.7 16.8 12.2 50.2 41.8 73.4 41.4z\"><\/path><\/svg>\t\t\t\t\t\t<\/span>\n\t\t\t\t\t\t\t\t\t\t<span class=\"elementor-icon-list-text\">contato@dmscarreiras.com.br<\/span>\n\t\t\t\t\t\t\t\t\t<\/li>\n\t\t\t\t\t\t\t\t<li class=\"elementor-icon-list-item\">\n\t\t\t\t\t\t\t\t\t\t\t<span class=\"elementor-icon-list-icon\">\n\t\t\t\t\t\t\t<svg aria-hidden=\"true\" class=\"e-font-icon-svg e-fas-phone-alt\" viewBox=\"0 0 512 512\" xmlns=\"http:\/\/www.w3.org\/2000\/svg\"><path d=\"M497.39 361.8l-112-48a24 24 0 0 0-28 6.9l-49.6 60.6A370.66 370.66 0 0 1 130.6 204.11l60.6-49.6a23.94 23.94 0 0 0 6.9-28l-48-112A24.16 24.16 0 0 0 122.6.61l-104 24A24 24 0 0 0 0 48c0 256.5 207.9 464 464 464a24 24 0 0 0 23.4-18.6l24-104a24.29 24.29 0 0 0-14.01-27.6z\"><\/path><\/svg>\t\t\t\t\t\t<\/span>\n\t\t\t\t\t\t\t\t\t\t<span class=\"elementor-icon-list-text\">(11)  99882-2015<\/span>\n\t\t\t\t\t\t\t\t\t<\/li>\n\t\t\t\t\t\t<\/ul>\n\t\t\t\t\t\t<\/div>\n\t\t\t\t<div class=\"elementor-element elementor-element-9a0e4b6 elementor-button-align-stretch elementor-widget elementor-widget-form\" data-id=\"9a0e4b6\" data-element_type=\"widget\" data-e-type=\"widget\" data-settings=\"{&quot;step_next_label&quot;:&quot;Next&quot;,&quot;step_previous_label&quot;:&quot;Previous&quot;,&quot;button_width&quot;:&quot;100&quot;,&quot;step_type&quot;:&quot;number_text&quot;,&quot;step_icon_shape&quot;:&quot;circle&quot;}\" data-widget_type=\"form.default\">\n\t\t\t\t\t\t\t<form class=\"elementor-form\" method=\"post\" name=\"New Form\" aria-label=\"New Form\">\n\t\t\t<input type=\"hidden\" name=\"post_id\" value=\"3390\"\/>\n\t\t\t<input type=\"hidden\" name=\"form_id\" value=\"9a0e4b6\"\/>\n\t\t\t<input type=\"hidden\" name=\"referer_title\" value=\"Contato - DMS Carreiras\" \/>\n\n\t\t\t\t\t\t\t<input type=\"hidden\" name=\"queried_id\" value=\"3390\"\/>\n\t\t\t\n\t\t\t<div class=\"elementor-form-fields-wrapper elementor-labels-above\">\n\t\t\t\t\t\t\t\t<div class=\"elementor-field-type-text elementor-field-group elementor-column elementor-field-group-name elementor-col-100\">\n\t\t\t\t\t\t\t\t\t\t\t\t\t<input size=\"1\" type=\"text\" name=\"form_fields[name]\" id=\"form-field-name\" class=\"elementor-field elementor-size-sm  elementor-field-textual\" placeholder=\"Nome\">\n\t\t\t\t\t\t\t\t\t\t\t<\/div>\n\t\t\t\t\t\t\t\t<div class=\"elementor-field-type-email elementor-field-group elementor-column elementor-field-group-email elementor-col-100 elementor-field-required\">\n\t\t\t\t\t\t\t\t\t\t\t\t\t<input size=\"1\" type=\"email\" name=\"form_fields[email]\" id=\"form-field-email\" class=\"elementor-field elementor-size-sm  elementor-field-textual\" placeholder=\"Email\" required=\"required\">\n\t\t\t\t\t\t\t\t\t\t\t<\/div>\n\t\t\t\t\t\t\t\t<div class=\"elementor-field-type-textarea elementor-field-group elementor-column elementor-field-group-message elementor-col-100\">\n\t\t\t\t\t<textarea class=\"elementor-field-textual elementor-field  elementor-size-sm\" name=\"form_fields[message]\" id=\"form-field-message\" rows=\"4\" placeholder=\"Mensagem\"><\/textarea>\t\t\t\t<\/div>\n\t\t\t\t\t\t\t\t<div class=\"elementor-field-type-acceptance elementor-field-group elementor-column elementor-field-group-field_91c3e7c elementor-col-100 elementor-field-required\">\n\t\t\t\t\t\t\t<div class=\"elementor-field-subgroup\">\n\t\t\t<span class=\"elementor-field-option\">\n\t\t\t\t<input type=\"checkbox\" name=\"form_fields[field_91c3e7c]\" id=\"form-field-field_91c3e7c\" class=\"elementor-field elementor-size-sm  elementor-acceptance-field\" required=\"required\">\n\t\t\t\t<label for=\"form-field-field_91c3e7c\">Estou de acordo com os Termos de Uso e a Pol\u00edtica de Privacidade.<\/label>\t\t\t<\/span>\n\t\t<\/div>\n\t\t\t\t\t\t<\/div>\n\t\t\t\t\t\t\t\t<div class=\"elementor-field-group elementor-column elementor-field-type-submit elementor-col-100 e-form__buttons\">\n\t\t\t\t\t<button class=\"elementor-button elementor-size-sm\" type=\"submit\">\n\t\t\t\t\t\t<span class=\"elementor-button-content-wrapper\">\n\t\t\t\t\t\t\t\t\t\t\t\t\t\t\t\t\t\t\t\t\t\t<span class=\"elementor-button-text\">Enviar<\/span>\n\t\t\t\t\t\t\t\t\t\t\t\t\t<\/span>\n\t\t\t\t\t<\/button>\n\t\t\t\t<\/div>\n\t\t\t<\/div>\n\t\t<\/form>\n\t\t\t\t\t\t<\/div>\n\t\t\t\t<div class=\"elementor-element elementor-element-59e8063e animated-slow elementor-invisible elementor-widget elementor-widget-metform\" data-id=\"59e8063e\" data-element_type=\"widget\" data-e-type=\"widget\" data-settings=\"{&quot;_animation&quot;:&quot;fadeInRight&quot;,&quot;_animation_delay&quot;:300}\" data-widget_type=\"metform.default\">\n\t\t\t\t\t<div id=\"mf-response-props-id-260\" data-previous-steps-style=\"\" data-editswitchopen=\"\" data-response_type=\"alert\" data-erroricon=\"fas fa-exclamation-triangle\" data-successicon=\"fas fa-check\" data-messageposition=\"top\" class=\"   mf-scroll-top-no\">\n\t\t<div class=\"formpicker_warper formpicker_warper_editable\" data-metform-formpicker-key=\"260\" >\n\t\t\t\t\n\t\t\t<div class=\"mf-widget-container\">\n\t\t\t\t\r\n\t\t<div\r\n\t\t\tid=\"metform-wrap-59e8063e-260\"\r\n\t\t\tclass=\"mf-form-wrapper\"\r\n\t\t\tdata-form-id=\"260\"\r\n\t\t\tdata-action=\"https:\/\/dmscarreiras.com.br\/profissionais\/wp-json\/metform\/v1\/entries\/insert\/260\"\r\n\t\t\tdata-wp-nonce=\"586d667d8e\"\r\n\t\t\tdata-form-nonce=\"250046efad\"\r\n\t\t\tdata-quiz-summery = \"false\"\r\n\t\t\tdata-save-progress = \"false\"\r\n\t\t\tdata-form-type=\"contact_form\"\r\n\t\t\tdata-stop-vertical-effect=\"\"\r\n\t\t\t><\/div>\r\n\r\n\r\n\t\t<!----------------------------- \r\n\t\t\t* controls_data : find the the props passed indie of data attribute\r\n\t\t\t* props.SubmitResponseMarkup : contains the markup of error or success message\r\n\t\t\t* https:\/\/developer.mozilla.org\/en-US\/docs\/Web\/JavaScript\/Reference\/Template_literals\r\n\t\t--------------------------- -->\r\n\r\n\t\t\t\t<script type=\"text\/mf\" class=\"mf-template\">\r\n\t\t\tfunction controls_data (value){\r\n\t\t\t\tlet currentWrapper = \"mf-response-props-id-260\";\r\n\t\t\t\tlet currentEl = document.getElementById(currentWrapper);\r\n\t\t\t\t\r\n\t\t\t\treturn currentEl ? currentEl.dataset[value] : false\r\n\t\t\t}\r\n\r\n\r\n\t\t\tlet is_edit_mode = '' ? true : false;\r\n\t\t\tlet message_position = controls_data('messageposition') || 'top';\r\n\r\n\t\t\t\r\n\t\t\tlet message_successIcon = controls_data('successicon') || '';\r\n\t\t\tlet message_errorIcon = controls_data('erroricon') || '';\r\n\t\t\tlet message_editSwitch = controls_data('editswitchopen') === 'yes' ? true : false;\r\n\t\t\tlet message_proClass = controls_data('editswitchopen') === 'yes' ? 'mf_pro_activated' : '';\r\n\t\t\t\r\n\t\t\tlet is_dummy_markup = is_edit_mode && message_editSwitch ? true : false;\r\n\r\n\t\t\t\r\n\t\t\treturn html`\r\n\t\t\t\t<form\r\n\t\t\t\t\tclassName=\"metform-form-content\"\r\n\t\t\t\t\tref=${parent.formContainerRef}\r\n\t\t\t\t\tonSubmit=${ validation.handleSubmit( parent.handleFormSubmit ) }\r\n\t\t\t\t\r\n\t\t\t\t\t>\r\n\t\t\t\r\n\t\t\t\r\n\t\t\t\t\t${is_dummy_markup ? message_position === 'top' ?  props.ResponseDummyMarkup(message_successIcon, message_proClass) : '' : ''}\r\n\t\t\t\t\t${is_dummy_markup ? ' ' :  message_position === 'top' ? props.SubmitResponseMarkup`${parent}${state}${message_successIcon}${message_errorIcon}${message_proClass}` : ''}\r\n\r\n\t\t\t\t\t<!--------------------------------------------------------\r\n\t\t\t\t\t*** IMPORTANT \/ DANGEROUS ***\r\n\t\t\t\t\t${html``} must be used as in immediate child of \"metform-form-main-wrapper\"\r\n\t\t\t\t\tclass otherwise multistep form will not run at all\r\n\t\t\t\t\t---------------------------------------------------------->\r\n\r\n\t\t\t\t\t<div className=\"metform-form-main-wrapper\" key=${'hide-form-after-submit'} ref=${parent.formRef}>\r\n\t\t\t\t\t${html`\r\n\t\t\t\t\t\t\t\t\t\t\t`}\r\n\t\t\t\t\t<\/div>\r\n\r\n\t\t\t\t\t${is_dummy_markup ? message_position === 'bottom' ? props.ResponseDummyMarkup(message_successIcon, message_proClass) : '' : ''}\r\n\t\t\t\t\t${is_dummy_markup ? ' ' : message_position === 'bottom' ? props.SubmitResponseMarkup`${parent}${state}${message_successIcon}${message_errorIcon}${message_proClass}` : ''}\r\n\t\t\t\t\r\n\t\t\t\t<\/form>\r\n\t\t\t`\r\n\t\t<\/script>\r\n\r\n\t\t\t\t\t<\/div>\n\t\t<\/div>\n\t\t<\/div>\t\t\t\t<\/div>\n\t\t\t\t<\/div>\n\t\t\t\t<\/div>\n\t\t\t\t\t<\/div>\n\t\t\t\t<\/div>\n\t\t\t\t<\/div>\n\t\t","protected":false},"excerpt":{"rendered":"<p>contato Vamos Conversar? Tem alguma d\u00favida, quer saber mais sobre meus servi\u00e7os ou deseja agendar uma conversa? Preencha o formul\u00e1rio abaixo ou entre em contato \u2014 ser\u00e1 um prazer falar com voc\u00ea. contato@dmscarreiras.com.br (11) 99882-2015<\/p>\n","protected":false},"author":1,"featured_media":0,"parent":0,"menu_order":0,"comment_status":"closed","ping_status":"closed","template":"elementor_header_footer","meta":{"_exactmetrics_skip_tracking":false,"_exactmetrics_sitenote_active":false,"_exactmetrics_sitenote_note":"","_exactmetrics_sitenote_category":0,"footnotes":""},"class_list":["post-3390","page","type-page","status-publish","hentry"],"yoast_head":"<!-- This site is optimized with the Yoast SEO plugin v27.4 - https:\/\/yoast.com\/product\/yoast-seo-wordpress\/ -->\n<title>Contato - DMS Carreiras<\/title>\n<meta name=\"robots\" content=\"index, follow, max-snippet:-1, max-image-preview:large, max-video-preview:-1\" \/>\n<link rel=\"canonical\" href=\"https:\/\/dmscarreiras.com.br\/profissionais\/contato\/\" \/>\n<meta property=\"og:locale\" content=\"pt_BR\" \/>\n<meta property=\"og:type\" content=\"article\" \/>\n<meta property=\"og:title\" content=\"Contato - DMS Carreiras\" \/>\n<meta property=\"og:description\" content=\"contato Vamos Conversar? Tem alguma d\u00favida, quer saber mais sobre meus servi\u00e7os ou deseja agendar uma conversa? Preencha o formul\u00e1rio abaixo ou entre em contato \u2014 ser\u00e1 um prazer falar com voc\u00ea. contato@dmscarreiras.com.br (11) 99882-2015\" \/>\n<meta property=\"og:url\" content=\"https:\/\/dmscarreiras.com.br\/profissionais\/contato\/\" \/>\n<meta property=\"og:site_name\" content=\"DMS Carreiras\" \/>\n<meta property=\"article:publisher\" content=\"https:\/\/www.facebook.com\/coachdanielamirandaz\/\" \/>\n<meta property=\"article:modified_time\" content=\"2025-09-25T03:20:41+00:00\" \/>\n<meta name=\"twitter:card\" content=\"summary_large_image\" \/>\n<meta name=\"twitter:label1\" content=\"Est. tempo de leitura\" \/>\n\t<meta name=\"twitter:data1\" content=\"1 minuto\" \/>\n<script type=\"application\/ld+json\" class=\"yoast-schema-graph\">{\"@context\":\"https:\\\/\\\/schema.org\",\"@graph\":[{\"@type\":\"WebPage\",\"@id\":\"https:\\\/\\\/dmscarreiras.com.br\\\/profissionais\\\/contato\\\/\",\"url\":\"https:\\\/\\\/dmscarreiras.com.br\\\/profissionais\\\/contato\\\/\",\"name\":\"Contato - DMS Carreiras\",\"isPartOf\":{\"@id\":\"https:\\\/\\\/dmscarreiras.com.br\\\/profissionais\\\/#website\"},\"datePublished\":\"2019-04-05T13:49:28+00:00\",\"dateModified\":\"2025-09-25T03:20:41+00:00\",\"breadcrumb\":{\"@id\":\"https:\\\/\\\/dmscarreiras.com.br\\\/profissionais\\\/contato\\\/#breadcrumb\"},\"inLanguage\":\"pt-BR\",\"potentialAction\":[{\"@type\":\"ReadAction\",\"target\":[\"https:\\\/\\\/dmscarreiras.com.br\\\/profissionais\\\/contato\\\/\"]}]},{\"@type\":\"BreadcrumbList\",\"@id\":\"https:\\\/\\\/dmscarreiras.com.br\\\/profissionais\\\/contato\\\/#breadcrumb\",\"itemListElement\":[{\"@type\":\"ListItem\",\"position\":1,\"name\":\"In\u00edcio\",\"item\":\"https:\\\/\\\/dmscarreiras.com.br\\\/profissionais\\\/\"},{\"@type\":\"ListItem\",\"position\":2,\"name\":\"Contato\"}]},{\"@type\":\"WebSite\",\"@id\":\"https:\\\/\\\/dmscarreiras.com.br\\\/profissionais\\\/#website\",\"url\":\"https:\\\/\\\/dmscarreiras.com.br\\\/profissionais\\\/\",\"name\":\"Daniela Mirandaz\",\"description\":\"Mentora de Carreira Ambientais\",\"publisher\":{\"@id\":\"https:\\\/\\\/dmscarreiras.com.br\\\/profissionais\\\/#\\\/schema\\\/person\\\/388bcc3748ecb15af9cf746c36dda2d0\"},\"potentialAction\":[{\"@type\":\"SearchAction\",\"target\":{\"@type\":\"EntryPoint\",\"urlTemplate\":\"https:\\\/\\\/dmscarreiras.com.br\\\/profissionais\\\/?s={search_term_string}\"},\"query-input\":{\"@type\":\"PropertyValueSpecification\",\"valueRequired\":true,\"valueName\":\"search_term_string\"}}],\"inLanguage\":\"pt-BR\"},{\"@type\":[\"Person\",\"Organization\"],\"@id\":\"https:\\\/\\\/dmscarreiras.com.br\\\/profissionais\\\/#\\\/schema\\\/person\\\/388bcc3748ecb15af9cf746c36dda2d0\",\"name\":\"Dani M. Souza\",\"image\":{\"@type\":\"ImageObject\",\"inLanguage\":\"pt-BR\",\"@id\":\"https:\\\/\\\/dmscarreiras.com.br\\\/profissionais\\\/wp-content\\\/uploads\\\/2021\\\/11\\\/fotosite2-150x150.png\",\"url\":\"https:\\\/\\\/dmscarreiras.com.br\\\/profissionais\\\/wp-content\\\/uploads\\\/2021\\\/11\\\/fotosite2-150x150.png\",\"contentUrl\":\"https:\\\/\\\/dmscarreiras.com.br\\\/profissionais\\\/wp-content\\\/uploads\\\/2021\\\/11\\\/fotosite2-150x150.png\",\"caption\":\"Dani M. Souza\"},\"logo\":{\"@id\":\"https:\\\/\\\/dmscarreiras.com.br\\\/profissionais\\\/wp-content\\\/uploads\\\/2021\\\/11\\\/fotosite2-150x150.png\"},\"description\":\"Eu ajudo profissionais do meio ambiente a serem felizes e realizados profissionalmente\",\"sameAs\":[\"http:\\\/\\\/danielamirandaz.com\\\/\",\"https:\\\/\\\/www.facebook.com\\\/coachdanielamirandaz\\\/\",\"https:\\\/\\\/www.instagram.com\\\/coachdanielamirandaz\\\/\",\"https:\\\/\\\/www.linkedin.com\\\/in\\\/danimsouza\\\/\"]}]}<\/script>\n<!-- \/ Yoast SEO plugin. -->","yoast_head_json":{"title":"Contato - DMS Carreiras","robots":{"index":"index","follow":"follow","max-snippet":"max-snippet:-1","max-image-preview":"max-image-preview:large","max-video-preview":"max-video-preview:-1"},"canonical":"https:\/\/dmscarreiras.com.br\/profissionais\/contato\/","og_locale":"pt_BR","og_type":"article","og_title":"Contato - DMS Carreiras","og_description":"contato Vamos Conversar? Tem alguma d\u00favida, quer saber mais sobre meus servi\u00e7os ou deseja agendar uma conversa? Preencha o formul\u00e1rio abaixo ou entre em contato \u2014 ser\u00e1 um prazer falar com voc\u00ea. contato@dmscarreiras.com.br (11) 99882-2015","og_url":"https:\/\/dmscarreiras.com.br\/profissionais\/contato\/","og_site_name":"DMS Carreiras","article_publisher":"https:\/\/www.facebook.com\/coachdanielamirandaz\/","article_modified_time":"2025-09-25T03:20:41+00:00","twitter_card":"summary_large_image","twitter_misc":{"Est. tempo de leitura":"1 minuto"},"schema":{"@context":"https:\/\/schema.org","@graph":[{"@type":"WebPage","@id":"https:\/\/dmscarreiras.com.br\/profissionais\/contato\/","url":"https:\/\/dmscarreiras.com.br\/profissionais\/contato\/","name":"Contato - DMS Carreiras","isPartOf":{"@id":"https:\/\/dmscarreiras.com.br\/profissionais\/#website"},"datePublished":"2019-04-05T13:49:28+00:00","dateModified":"2025-09-25T03:20:41+00:00","breadcrumb":{"@id":"https:\/\/dmscarreiras.com.br\/profissionais\/contato\/#breadcrumb"},"inLanguage":"pt-BR","potentialAction":[{"@type":"ReadAction","target":["https:\/\/dmscarreiras.com.br\/profissionais\/contato\/"]}]},{"@type":"BreadcrumbList","@id":"https:\/\/dmscarreiras.com.br\/profissionais\/contato\/#breadcrumb","itemListElement":[{"@type":"ListItem","position":1,"name":"In\u00edcio","item":"https:\/\/dmscarreiras.com.br\/profissionais\/"},{"@type":"ListItem","position":2,"name":"Contato"}]},{"@type":"WebSite","@id":"https:\/\/dmscarreiras.com.br\/profissionais\/#website","url":"https:\/\/dmscarreiras.com.br\/profissionais\/","name":"Daniela Mirandaz","description":"Mentora de Carreira Ambientais","publisher":{"@id":"https:\/\/dmscarreiras.com.br\/profissionais\/#\/schema\/person\/388bcc3748ecb15af9cf746c36dda2d0"},"potentialAction":[{"@type":"SearchAction","target":{"@type":"EntryPoint","urlTemplate":"https:\/\/dmscarreiras.com.br\/profissionais\/?s={search_term_string}"},"query-input":{"@type":"PropertyValueSpecification","valueRequired":true,"valueName":"search_term_string"}}],"inLanguage":"pt-BR"},{"@type":["Person","Organization"],"@id":"https:\/\/dmscarreiras.com.br\/profissionais\/#\/schema\/person\/388bcc3748ecb15af9cf746c36dda2d0","name":"Dani M. Souza","image":{"@type":"ImageObject","inLanguage":"pt-BR","@id":"https:\/\/dmscarreiras.com.br\/profissionais\/wp-content\/uploads\/2021\/11\/fotosite2-150x150.png","url":"https:\/\/dmscarreiras.com.br\/profissionais\/wp-content\/uploads\/2021\/11\/fotosite2-150x150.png","contentUrl":"https:\/\/dmscarreiras.com.br\/profissionais\/wp-content\/uploads\/2021\/11\/fotosite2-150x150.png","caption":"Dani M. Souza"},"logo":{"@id":"https:\/\/dmscarreiras.com.br\/profissionais\/wp-content\/uploads\/2021\/11\/fotosite2-150x150.png"},"description":"Eu ajudo profissionais do meio ambiente a serem felizes e realizados profissionalmente","sameAs":["http:\/\/danielamirandaz.com\/","https:\/\/www.facebook.com\/coachdanielamirandaz\/","https:\/\/www.instagram.com\/coachdanielamirandaz\/","https:\/\/www.linkedin.com\/in\/danimsouza\/"]}]}},"_links":{"self":[{"href":"https:\/\/dmscarreiras.com.br\/profissionais\/wp-json\/wp\/v2\/pages\/3390","targetHints":{"allow":["GET"]}}],"collection":[{"href":"https:\/\/dmscarreiras.com.br\/profissionais\/wp-json\/wp\/v2\/pages"}],"about":[{"href":"https:\/\/dmscarreiras.com.br\/profissionais\/wp-json\/wp\/v2\/types\/page"}],"author":[{"embeddable":true,"href":"https:\/\/dmscarreiras.com.br\/profissionais\/wp-json\/wp\/v2\/users\/1"}],"replies":[{"embeddable":true,"href":"https:\/\/dmscarreiras.com.br\/profissionais\/wp-json\/wp\/v2\/comments?post=3390"}],"version-history":[{"count":109,"href":"https:\/\/dmscarreiras.com.br\/profissionais\/wp-json\/wp\/v2\/pages\/3390\/revisions"}],"predecessor-version":[{"id":6129,"href":"https:\/\/dmscarreiras.com.br\/profissionais\/wp-json\/wp\/v2\/pages\/3390\/revisions\/6129"}],"wp:attachment":[{"href":"https:\/\/dmscarreiras.com.br\/profissionais\/wp-json\/wp\/v2\/media?parent=3390"}],"curies":[{"name":"wp","href":"https:\/\/api.w.org\/{rel}","templated":true}]}}